{"id":11,"date":"2014-02-12T17:35:05","date_gmt":"2014-02-12T17:35:05","guid":{"rendered":"http:\/\/www.seasideplants.eu\/wp01\/?page_id=11"},"modified":"2021-04-09T13:34:48","modified_gmt":"2021-04-09T13:34:48","slug":"nursery","status":"publish","type":"page","link":"https:\/\/www.seasideplants.eu\/wp01\/nursery\/","title":{"rendered":"03 Nursery"},"content":{"rendered":"<h1>Nursery<\/h1>\n ","protected":false},"excerpt":{"rendered":"<p>The nursery offers an outstanding selection of plants suited to both the exposed and more sheltered garden.<\/br><br \/>\n<em>T\u00e1 rogha iontach ar f\u00e1il de phlanda\u00ed a fh\u00f3ireann do \u00e1iteacha oscailte, chomh maith le gaird\u00edn\u00ed le neart foscaidh.<\/em><\/p>\n","protected":false},"author":1,"featured_media":411,"parent":0,"menu_order":0,"comment_status":"closed","ping_status":"closed","template":"","meta":{"ub_ctt_via":""},"featured_image_src":"https:\/\/www.seasideplants.eu\/wp01\/wp-content\/uploads\/2020\/11\/11536110_975435399144112_5384897100677821212_n-1.jpg","_links":{"self":[{"href":"https:\/\/www.seasideplants.eu\/wp01\/wp-json\/wp\/v2\/pages\/11"}],"collection":[{"href":"https:\/\/www.seasideplants.eu\/wp01\/wp-json\/wp\/v2\/pages"}],"about":[{"href":"https:\/\/www.seasideplants.eu\/wp01\/wp-json\/wp\/v2\/types\/page"}],"author":[{"embeddable":true,"href":"https:\/\/www.seasideplants.eu\/wp01\/wp-json\/wp\/v2\/users\/1"}],"replies":[{"embeddable":true,"href":"https:\/\/www.seasideplants.eu\/wp01\/wp-json\/wp\/v2\/comments?post=11"}],"version-history":[{"count":10,"href":"https:\/\/www.seasideplants.eu\/wp01\/wp-json\/wp\/v2\/pages\/11\/revisions"}],"predecessor-version":[{"id":517,"href":"https:\/\/www.seasideplants.eu\/wp01\/wp-json\/wp\/v2\/pages\/11\/revisions\/517"}],"wp:featuredmedia":[{"embeddable":true,"href":"https:\/\/www.seasideplants.eu\/wp01\/wp-json\/wp\/v2\/media\/411"}],"wp:attachment":[{"href":"https:\/\/www.seasideplants.eu\/wp01\/wp-json\/wp\/v2\/media?parent=11"}],"curies":[{"name":"wp","href":"https:\/\/api.w.org\/{rel}","templated":true}]}}